4?
-546c
In base 16, what is 2a0 - e8?
1b8
In base 12, what is -7150a + 0?
-7150a
In base 2, what is 1010 + -1001100101001?
-1001100011111
In base 11, what is 43a + a04a?
a489
In base 10, what is -1605 + 393?
-1212
In base 8, what is -5235 + 2052?
-3163
In base 3, what is 20 + 122120111?
122120201
In base 14, what is -2031bc + -4?
-2031c2
In base 8, what is 2341 + -226?
2113
In base 9, what is -8684 - -8?
-8675
In base 11, what is 4 - -271a7?
27200
In base 15, what is -cc4 + 3?
-cc1
In base 7, what is -31336 - 25?
-31364
In base 4, what is 222022210 + 10?
222022220
In base 6, what is 3 + 110131?
110134
In base 5, what is 104334 + 2223?
112112
In base 11, what is -13471 - -3?
-13469
In base 6, what is -3 + 1301322?
1301315
In base 11, what is 175 + 384?
549
In base 11, what is 2 + -166602?
-166600
In base 12, what is 3b313 + 3?
3b316
In base 15, what is 1 + -32144?
-32143
In base 3, what is -101111 + 211002?
102121
In base 15, what is 73 + 84?
107
In base 16, what is 67f - 45?
63a
In base 14, what is 6 + -2b38d?
-2b387
In base 6, what is 3 - -141203?
141210
In base 3, what is -110 + 2120102?
2112222
In base 2, what is -10100001 - -11000100100111?
11000010000110
In base 7, what is 10 - 152021?
-152011
In base 10, what is 1 + -79541?
-79540
In base 10, what is -43 - -1129?
1086
In base 15, what is 1 - -3816?
3817
In base 14, what is 1 - d48a?
-d489
In base 12, what is 360b75 + 5?
360b7a
In base 9, what is 588 - 713?
-114
In base 13, what is -14590 - 3?
-14593
In base 8, what is 640 - 144?
474
In base 13, what is cc - 3c8?
-2c9
In base 14, what is -3b7 - -156?
-261
In base 15, what is -184b10 + 4?
-184b0b
In base 16, what is a - -467?
471
In base 10, what is 8378 - 52?
8326
In base 10, what is 13407 + 4?
13411
In base 3, what is -1100 + -1000120101?
-1000121201
In base 5, what is 241431 + 10?
241441
In base 13, what is -c51 + 47?
-c07
In base 4, what is -11 + -303213132?
-303213203
In base 9, what is 4 - -264044?
264048
In base 12, what is -5b0 - -1?
-5ab
In base 9, what is -357 - 76?
-444
In base 16, what is 3c6b - 3?
3c68
In base 4, what is 10330 - -2030?
13020
In base 15, what is -502 + -623?
-b25
In base 3, what is 1011222 + 101200020?
102212012
In base 4, what is -13 - -213333230?
213333211
In base 3, what is 101110000 - -1100?
101111100
In base 14, what is 22142 + 26?
22168
In base 12, what is 1a6 - 293?
-a9
In base 3, what is -210021 - -12221?
-120100
In base 9, what is -504 - -245?
-248
In base 4, what is 1 - 230130213?
-230130212
In base 12, what is 56233 + 8?
5623b
In base 7, what is 23441010 + -3?
23441004
In base 16, what is -76 - -105?
8f
In base 14, what is 1677 - 16?
1661
In base 14, what is -3c8 - -972?
588
In base 6, what is 3 - 200000?
-155553
In base 16, what is 6636c + 2?
6636e
In base 15, what is 4c + 607?
654
In base 6, what is 1323103 + 1?
1323104
In base 8, what is -4631441 + -2?
-4631443
In base 13, what is -2 - 15c0a0?
-15c0a2
In base 13, what is aa7 + -77?
a30
In base 7, what is -6664 - -23?
-6641
In base 13, what is 38 - 18c?
-154
In base 8, what is 13545 + -1?
13544
In base 13, what is -b4 - 255?
-339
In base 12, what is -15 - -7013?
6bba
In base 10, what is -174213 - 5?
-174218
In base 12, what is 2 + -25882?
-25880
In base 5, what is -400112 - -104?
-400003
In base 11, what is -a + -77147?
-77156
In base 5, what is -144 - 214040?
-214234
In base 6, what is -240 + -211250?
-211530
In base 9, what is 646734 + 3?
646737
In base 2, what is -1 - -100100110101000?
100100110100111
In base 5, what is -3344242 + 4?
-3344233
In base 2, what is 101000000001100100 + -1?
101000000001100011
In base 9, what is 205 - 268?
-63
In base 14, what is b446 - -17?
b45d
In base 6, what is 3 - 410022?
-410015
In base 3, what is 212221100 + 100121?
220021221
In base 14, what is -c4c5 + -7?
-c4cc
In base 13, what is 68 + -879?
-811
In base 8, what is 1233 + -1475?
-242
In base 4, what is 2321111300 + -1?
2321111233
In base 12, what is b95b + -145?
b816
In base 7, what is 20 + 46532?
46552
In base 13, what is 552 - -84a?
109c
In base 5, what is -211332 - 2?
-211334
In base 6, what is 2420421 - 1?
2420420
In base 14, what is -165 - 5c?
-1c3
In base 16, what is -181b0 + -3?
-181b3
In base 3, what is 2212221100 + 100?
2212221200
In base 16, what is 0 - 114ec9?
-114ec9
In base 12, what is 90682 + b?
90691
In base 5, what is 341000 + -24?
340421
In base 3, what is 11102 + -2010002021?
-2002220212
In base 8, what is -31 - -2656?
2625
In base 14, what is a - -c233?
c23d
In base 4, what is 331122212 + -11?
331122201
In base 16, what is 3 - 3e045?
-3e042
In base 10, what is 4 - 11656?
-11652
In base 6, what is -2320203 + 2?
-2320201
In base 5, what is 0 + -1141213?
-1141213
In base 3, what is -20200001 - 11100?
-20211101
In base 3, what is -20 - 2010112110?
-2010112200
In base 7, what is -4406 - 204?
-4613
In base 12, what is -503 - b?
-512
In base 10, what is -4908 - -45?
-4863
In base 9, what is -11220 + 205?
-11014
In base 13, what is -2015 + -16a?
-2182
In base 9, what is 324 + 3405?
3730
In base 15, what is -7ed16 - 4?
-7ed1a
In base 3, what is -220 - -201200?
200210
In base 9, what is -1372161 - 1?
-1372162
In base 8, what is -234444 + -3?
-234447
In base 16, what is 28b69 + 1?
28b6a
In base 8, what is 7737 + -673?
7044
In base 13, what is -1 - -710?
70c
In base 10, what is -1997 - -71?
-1926
In base 5, what is 2 + 120134?
120141
In base 9, what is -4 - 1238715?
-1238720
In base 3, what is -20202101 + 11?
-20202020
In base 12, what is -25 + 19?
-8
In base 16, what is -1 + 5ba9e?
5ba9d
In base 12, what is 5515 - 4a?
5487
In base 4, what is 2203023 - 10222?
2132201
In base 6, what is 1 - 4223?
-4222
In base 3, what is -100001212 + 121?
-100001021
In base 5, what is 214 + -12422?
-12203
In base 10, what is 4 + -246620?
-246616
In base 5, what is 11 + 22423231?
22423242
In base 9, what is 1 + 17627?
17628
In base 11, what is -8362 + 1?
-8361
In base 4, what is -1 - -2121330?
2121323
In base 7, what is 21421 + -20?
21401
In base 6, what is -4542255 - -3?
-4542252
In base 16, what is -4519 + -1?
-451a
In base 8, what is 22452 + 2?
22454
In base 6, what is -123511 + -51?
-124002
In base 16, what is b4e0 + 5?
b4e5
In base 16, what is -282 + 8c1?
63f
In base 14, what is -34 + 6994?
6960
In base 15, what is 9 + -c3d?
-c34
In base 16, what is 4cec + -2?
4cea
In base 10, what is -1446 - 170?
-1616
In base 9, what is -2585 - -5?
-2580
In base 12, what is -3ba4 - -9?
-3b97
In base 5, what is -134131014 + 2?
-134131012
In base 11, what is -41aa + 0?
-41aa
In base 5, what is 43 - 2141421?
-2141323
In base 8, what is -24 - 70?
-114
In base 2, what is 1010010011111100110 - -100?
1010010011111101010
In base 8, what is 4762 + 15?
4777
In base 6, what is -351 + 21334?
20543
In base 11, what is -14008 + -11?
-14019
In base 12, what is 25 - -ab?
114
In base 5, what is -142003 + 3?
-142000
In base 16, what is -1 - -da70b?
da70a
In base 7, what is -2 - -3250?
3245
In base 10, what is -258 + 31?
-227
In base 7, what is -55 + -64062?
-64150
In base 2, what is -100010110101111100 + -101?
-100010110110000001
In base 15, what is 4 - 59?
-55
In base 10, what is 210437 - 4?
210433
In base 14, what is -a - -721d?
7213
In base 7, what is 1161501 + 2?
1161503
In base 8, what is -3 - -102110?
102105
In base 14, what is 1 + -5c?
-5b
In base 7, what is 4401 + -21?
4350
In base 6, what is 33501 - -112?
34013
In base 7, what is -2234465 - -12?
-2234453
In base 15, what is -1b + -727?
-743
In base 14, what is 8 + 5279?
5283
In base 4, what is 23231212 - 31?
23231121
In base 7, what is -10452 + -305?
-11060
In base 10, what is -44 - 200?
-244
In base 13, what is -5 + a736?
a731
In base 2, what is -10 - 110000111111100?
-110000111111110
In base 4, what is 11223333333 + -2?
11223333331
In base 13, what is -255b - -1?
-255a
In base 8, what is 1713 - -1244?
3157
In base 13, what is -201 - 4b5?
-6b6
In base 11, what is -5 - -6656a?
66565
In base 14, what is -22 + 151b?
14d9
In base 9, what is -1073 - -363?
-610
In base 10, what is -84 - 28466?
-28550
In base 3, what is -2110012 - 12001?
-2122020
In base 12, what is -5 - 67795?
-6779a
In base 16, what is 70078 - -2?
7007a
In base 14, what is 37959 - -b?
37966
In base 13, what is 1a0 - -80?
250
In base 4, what is 2030013200 + -13?
203001312